9*a, -p + 2 = -3*a. Determine m(p).
-5
Let k(z) be the third derivative of z**5/30 - 5*z**4/24 + z**3/6 - 379*z**2. Let w(x) = -9*x - 1. Let l be w(-1). Suppose -l = -5*p + 3*p. Give k(p).
13
Let g be 7 + (2 - -1) + -8. Let d(p) = -7*p + 2. Give d(g).
-12
Let p(w) = -18*w**3 + w**2 - 4*w - 4. Let i be p(-1). Let t(f) = 11*f + 2*f - 3 + 0 - i*f. Determine t(-2).
9
Let z(k) = -4*k**3 + 2*k**2 - 1. Let y be z(1). Let h be (-3)/(-1*y/(-98)). Let i(v) = 5*v**2 + 3*v - 99*v**3 - 1 + h*v**3 + 3*v. Determine i(6).
-1
Suppose 0 = -u + 5*i + 30, -2*i = 4*u - 46 - 30. Let x be (-5)/(u/(-34)) + 1/2. Let b(r) = -r - 4. Calculate b(x).
-13
Let k(w) = 5*w**2 - 2*w - 6. Let o(g) = 14*g**2 - 6*g - 16. Let c(j) = -11*k(j) + 4*o(j). Calculate c(3).
5
Let m(r) = -r**3 - 6*r**2 + r - 3. Let f(o) = o - 13. Let t = -26 - -33. Let u be f(t). Calculate m(u).
-9
Let m(c) = c**3 - 6*c**2 - 11*c + 29. Suppose -8*t + 204 - 148 = 0. Determine m(t).
1
Let w(v) = 21*v**3 - v**2 + 3*v - 1. Suppose 8*y - 4*q = 12*y + 4, 0 = -5*y - 3*q - 1. Determine w(y).
22
Let j(m) = 4*m - 3 + 2 - 7. Let r(i) = -5*i + 8. Let y(k) = -4*j(k) - 3*r(k). What is y(6)?
2
Suppose 0 = 5*p + 5, 3*l + 3*p - 2*p - 5 = 0. Suppose h - 12 = -l*h, -3*h = g - 18. Let j(s) = -2*s + 9*s - 4*s + g. Calculate j(-5).
-9
Let d(v) = -v**3 + 7*v**2 - 3*v + 8. Suppose -599*q = -594*q - 35. Determine d(q).
-13
Let q(c) = 2*c - 13. Let m be q(8). Let a(l) = 0*l**2 - l**2 + 4*l**2 - l**3 + 4 + 3*l - 2*l**2. Give a(m).
-5
Let q(y) = -13*y**3 + y**2 - y + 1. Suppose 0 = 3*c - 6. Let z(h) = -h**c - 2 - 5 - 4*h + 10*h. Let w be z(2). Determine q(w).
-12
Suppose 0 = 3*t + 88 - 73. Let m(g) = -3*g - 11. What is m(t)?
4
Let q(u) = -12*u**2 + u. Suppose -76 = -26*r + 28*r. Let t be ((-3)/(-2))/((-57)/r). Determine q(t).
-11
Let m(d) be the second derivative of d**4/6 + 5*d**3/2 + 4*d**2 + 572*d + 2. Give m(-8).
16
Let u = 167 - 161. Let b(c) = 3*c + 4 - 5 - 2*c. Determine b(u).
5
Let c(d) = -3*d + 0*d + 7 - 11 + 5*d. Let f(j) = -3*j + 9. Let s(w) = -1. Let x(i) = f(i) + 2*s(i). Let g(n) = 10*c(n) + 6*x(n). Calculate g(-3).
-4
Let p be (84/21)/(4/10). Let b(i) = i**2 - 11*i + 5. Determine b(p).
-5
Suppose -3*z + 9 = -3. Let d(t) = 57*t + 5 - 52*t - 2*t. Calculate d(z).
17
Let m(h) = -2*h. Let x(l) = l. Let b be 1 - 29/(2 - 3). Suppose 3*n + 2*n + b = 0. Let c(o) = n*m(o) - 13*x(o). What is c(4)?
-4
Let f(m) be the first derivative of -m**4/4 - m**3 + 2*m**2 - m + 37. Let t = 2 - 5. Determine f(t).
-13
Let a be (1 - 1/(-8)*-4)*0. Suppose a = -73*h + 70*h + 24. Let s(n) be the second derivative of -n**5/20 + 7*n**4/12 + 3*n**3/2 - 6*n**2 - 2*n. Give s(h).
-4
Let g(t) = -2*t**3 + 2*t**2 + 7 - 5*t + 2*t**2 + 3*t**3. Suppose 2*l = -2*l + 12. Suppose 0 = -2*z - 7 - l. Determine g(z).
7
Let s(w) = -w. Let g(b) = -b - 19. Let y(l) = 1. Let z(o) = -g(o) - 4*y(o). Let h be z(-18). Give s(h).
3
Let o be 3*2/6*5. Let j(t) = 128*t**3 - 6 - 129*t**3 + 5*t**2 + 5*t - t**2. Let m be j(o). Let l(h) = h + 5. Determine l(m).
-1
Let r(w) = -w**3 - 9*w**2 - w - 12. Let z(v) = 2*v**2 + 36*v - 47. Let i be z(-19). Calculate r(i).
-3
Let v(w) be the first derivative of w**2 - 39*w + 643. Determine v(22).
5
Let a(x) = x**3 - x**2 - x - 1. Let h(i) = -3*i**3 + 7*i**2 + i - 1. Let f(c) = -2*a(c) - h(c). What is f(5)?
8
Suppose -3*z = u - 9 - 24, -u + 19 = -4*z. Let v(g) = 13 + g**2 - u + 13 + 5*g. What is v(-6)?
5
Let d = 37 - 46. Let g = d - -7. Let b(r) = -3*r**2 - 2*r. What is b(g)?
-8
Suppose -5*u + f = 23, 5*f - 21 + 6 = 5*u. Let l be 30/((-30)/(-5)) + u. Let q(r) = -r. Let j(w) = -w**2 - 5*w + 2. Let n(m) = j(m) - 4*q(m). Give n(l).
2
Suppose -3*l - l = -r - 22, 0 = 3*l + 2*r - 11. Let c(s) = 4*s - s + 4*s**2 - 6*s - 6 - l*s**2. Give c(-4).
-10
Let g(x) = 2*x - 2. Let m be 12/(-5)*10/4 + 2. Calculate g(m).
-10
Let t(s) = 3*s**3 - 2*s**2 + 1. Let l = -5 + -2. Let m be ((-2)/(-14) + (-13)/l)/(-2). Determine t(m).
-4
Let j(w) = -36*w + 3 + 113*w - 33*w - 38*w. Determine j(2).
15
Let k(z) = -z**2 - 5*z + 4. Let v = -33 + 54. Suppose -t + 4*t = v. Let l be (6/t)/(2/(-14)). Give k(l).
-2
Let o(r) = 5 + 9*r**3 - 1 + r**2 - 8*r**3 + 9 - 2. Give o(0).
11
Suppose -42*n + 64*n = 0. Let b(t) = -4*t**3 + t**2 - t + 8. Let o(m) = -5*m**3 + m**2 - m + 8. Let f(z) = -4*b(z) + 3*o(z). Calculate f(n).
-8
Let t be 221/(-117) - 4/36. Let w(p) = 6*p + 1. Determine w(t).
-11
Let v(s) = -s**2 - 9*s + 15. Let x be v(-10). Let q(i) = -3*i - 2*i + i + x*i + 6. What is q(7)?
13
Let j(m) = -5*m - 3. Let r(v) = 2*v + 1. Let y(x) = -5*j(x) - 15*r(x). Let g(b) = b**2 - 6*b + 6. Let c be g(4). Calculate y(c).
10
Suppose 2 + 5 = v. Let w(n) be the first derivative of n**3/3 - 9*n**2/2 + 54. Calculate w(v).
-14
Let r = 91 - 96. Let x(t) = -t**2 + 2*t + 5. What is x(r)?
-30
Let s(r) = -3*r**2 + 6 - 2*r - 2*r - 3*r**2 - r**3. Suppose 5*h = h - 20. What is s(h)?
1
Let n be (76/(-19) - -9)/(1/(-2)). Let v(k) = 2*k**2 + 20*k - 5. Determine v(n).
-5
Let q = 19 - -6. Let c = -19 + q. Let u(r) be the third derivative of -r**5/60 + r**4/6 - 2*r**3/3 - 3*r**2. Give u(c).
-16
Let l(v) be the second derivative of v**5/20 + 5*v**4/12 + 5*v**3/6 + 2*v**2 - 29*v. Let t(k) = 2*k**2 + 18*k - 4. Let n be t(-9). Determine l(n).
0
Suppose n - 5*n + 20 = 0. Suppose n*f - 16 = 19. Suppose 5*p + 3*s + 37 = 0, -4*p + 3*s = -3*p - f. Let u(g) = g**3 + 5*g**2 - 6. Calculate u(p).
-6
Let a(t) = -t. Suppose 92 = 26*h - 90. Determine a(h).
-7
Suppose 3*l = -3*p + 90, 0*p - 4*p = -l - 115. Let d(v) = -p + 14 - 2*v + v - v**2 + 21. What is d(0)?
6
Let y(k) = k**3 - 1. Let s(a) = -a**3 + 4*a**2 + 9*a - 20. Let n be s(5). Determine y(n).
-1
Let m(b) = 3*b - 3. Suppose 0 = -z + j + 1, -2*j = 4*z + 10 - 2. What is m(z)?
-6
Let t(p) = p - 68. Let y(q) = 13. Let b(h) = 2*t(h) + 11*y(h). Give b(-7).
-7
Let b(r) be the second derivative of 3*r**5/10 - r**3/3 - r**2/2 + 8*r. Let j be b(-1). Let a(s) = -s**2 - 4*s + 6. Calculate a(j).
1
Let v(z) be the first derivative of z**4 - z**2/2 + z + 1. Suppose -7*d + 33 + 2 = 0. Let n be 8/(-4) - (0 - (-2 + d)). Give v(n).
4
Let t(x) = x**2 - 4*x + 9. Let y be ((-34)/(-6))/(3 + (-16)/6). Let u = 23 - y. Calculate t(u).
21
Let h(j) be the first derivative of -j**2 + 13*j - 54. Determine h(11).
-9
Let r(z) be the second derivative of z**4/6 + z**3/6 + 2*z**2 - 300*z. What is r(-3)?
19
Let v(o) be the third derivative of 0*o - 8*o**2 + 1/60*o**6 + 0 - 1/6*o**3 - 1/12*o**4 + 0*o**5. Determine v(2).
11
Suppose -5*z = -4*h + 39, -2*z + 3*h - 24 = z. Let d(g) = g**3 + 2*g**2 - g - 4. Let w(j) = j**3 + 3*j**2 - j - 2. Let n(l) = -4*d(l) + 5*w(l). Determine n(z).
13
Let b(o) = o**3 - 2*o**2 - 2*o - 3. Let u(p) = -4*p - 25. Let k(d) = d**2 - 5*d - 7. Let m be k(5). Let r be u(m). Give b(r).
0
Let n(o) be the third derivative of -8*o**2 + 0*o - 4/3*o**3 + 0 - 1/60*o**5 - 1/3*o**4. What is n(-6)?
4
Let r(b) = 6*b + 52. Let l(m) = 2*m + 17. Let n(v) = 14*l(v) - 5*r(v). Let x be n(-9). Let o(h) = -h**2 - 4*h + 3. Determine o(x).
3
Let m(v) = 11*v**3 + v**2 - 1. Let o = -107 + 106. Determine m(o).
-11
Let m be 0 + 1 + 0 + -2. Let c(l) = -17*l**3 + 8*l**2 + 31*l + 18. Let v(w) = 4*w**3 - 2*w**2 - 7*w - 4. Let p(d) = -2*c(d) - 9*v(d). Give p(m).
3
Let r = -3 + 13. Let c(v) = 118 - 118 - 4*v. Let d(k) = -9*k - 1. Let u(g) = r*c(g) - 4*d(g). Determine u(3).
-8
Let l(n) = -2*n**2 + 3. Let p(o) = 4*o**2 - o - 5. Let x(u) = 5*l(u) + 3*p(u). Let h = -27 - -16. Let q be h/(-4) - (-6)/24. Calculate x(q).
9
Let w(t) = -9*t**3 + 22*t**2 + 9*t - 31. Let z(h) = -5*h**3 + 11*h**2 + 5*h - 16. Let k(x) = -4*w(x) + 7*z(x). Give k(11).
1
Let x(n) = n**3 - 3*n**2 + n + 4. Let f be x(3). Let g be (-3 + f - 3) + -4. Let a(o) = 9*o + 13. Let t(j) = -4*j - 6. Let w(m) = 3*a(m) + 7*t(m). What is w(g)?
0
Let d(u) = -u**3 + 13*u**2 + 15*u - 19. Suppose -67 = -5*j - 3*g + 2*g, 3*j - 27 = -5*g. Give d(j).
-5
Let v(h) = -3*h**2 + h + 1. Suppose -m + 17 = b - 4*m, 2*m = -2*b + 42. Suppose -19*t + b*t + 1 = 0. Give v(t).
-3
Let a = -842 + 836. Let k(m) = m**2 + 5*m - 8. Calculate k(a).
-2
Suppose -3*z - 2 = -2*t, 22 = -3*z + 5*t + 8. Let i(s) = -z*s + 3*s + 0*s + 5. Determine i(-6).
-1
Suppose 5*b + 7 - 32 = -5*f, -6 = -4*f + 3*b. Let r(u) = -4*u**3 + u**2 + 1 - 164*u + 165*u + 11*u**f. Determine r(-1).
-6
Let s(x) = 0 +